{"id":2009,"date":"2020-02-19T18:38:29","date_gmt":"2020-02-19T18:38:29","guid":{"rendered":"https:\/\/advice1.de\/?page_id=2009"},"modified":"2024-01-29T19:41:37","modified_gmt":"2024-01-29T19:41:37","slug":"leistungsangebot-advice1","status":"publish","type":"page","link":"https:\/\/advice1.de\/index.php\/leistungsangebot-advice1\/","title":{"rendered":"Leistungsangebot"},"content":{"rendered":"<p>[et_pb_section fb_built=&#8220;1&#8243; fullwidth=&#8220;on&#8220; _builder_version=&#8220;4.17.3&#8243; _module_preset=&#8220;default&#8220; hover_enabled=&#8220;0&#8243; global_colors_info=&#8220;{}&#8220; sticky_enabled=&#8220;0&#8243;][et_pb_fullwidth_image src=&#8220;https:\/\/advice1.de\/wp-content\/uploads\/2023\/01\/Leistungsangebot-200.jpg&#8220; title_text=&#8220;Leistungsangebot-200&#8243; _builder_version=&#8220;4.17.3&#8243; _module_preset=&#8220;default&#8220; hover_enabled=&#8220;0&#8243; global_colors_info=&#8220;{}&#8220; sticky_enabled=&#8220;0&#8243;][\/et_pb_fullwidth_image][\/et_pb_section][et_pb_section fb_built=&#8220;1&#8243; custom_padding_last_edited=&#8220;on|desktop&#8220; admin_label=&#8220;section&#8220; module_id=&#8220;start&#8220; _builder_version=&#8220;4.16&#8243; background_color=&#8220;rgba(255,255,255,0)&#8220; custom_padding=&#8220;50px||25px|&#8220; custom_padding_tablet=&#8220;50px|0|50px|0&#8243; custom_padding_phone=&#8220;&#8220; animation_style=&#8220;fade&#8220; transparent_background=&#8220;on&#8220; global_colors_info=&#8220;{}&#8220;][et_pb_row column_padding_mobile=&#8220;on&#8220; admin_label=&#8220;row&#8220; _builder_version=&#8220;4.16&#8243; background_size=&#8220;initial&#8220; background_position=&#8220;top_left&#8220; background_repeat=&#8220;repeat&#8220; custom_padding=&#8220;||0px|&#8220; global_colors_info=&#8220;{}&#8220;][et_pb_column type=&#8220;4_4&#8243; _builder_version=&#8220;4.16&#8243; custom_padding=&#8220;|||&#8220; global_colors_info=&#8220;{}&#8220; custom_padding__hover=&#8220;|||&#8220;][et_pb_text _builder_version=&#8220;4.16&#8243; border_style=&#8220;solid&#8220; global_colors_info=&#8220;{}&#8220;]<\/p>\n<h1>LEISTUNGSANGEBOT\u00a0<img loading=\"lazy\" class=\"alignnone size-full wp-image-2156\" src=\"https:\/\/advice1.de\/wp-content\/uploads\/2020\/02\/Leistungsangebot_Advice1_Referenzsystem_Bestandf\u00fchrung.png\" alt=\"\" width=\"64\" height=\"70\" \/><\/h1>\n<p>[\/et_pb_text][\/et_pb_column][\/et_pb_row][et_pb_row column_padding_mobile=&#8220;on&#8220; custom_padding_last_edited=&#8220;on|phone&#8220; admin_label=&#8220;row&#8220; _builder_version=&#8220;4.16&#8243; background_size=&#8220;initial&#8220; background_position=&#8220;top_left&#8220; background_repeat=&#8220;repeat&#8220; custom_padding=&#8220;45px||0px|&#8220; custom_padding_tablet=&#8220;&#8220; custom_padding_phone=&#8220;0px||0px|&#8220; global_colors_info=&#8220;{}&#8220;][et_pb_column type=&#8220;4_4&#8243; _builder_version=&#8220;4.16&#8243; custom_padding=&#8220;|||&#8220; global_colors_info=&#8220;{}&#8220; custom_padding__hover=&#8220;|||&#8220;][et_pb_text _builder_version=&#8220;4.17.3&#8243; border_style=&#8220;solid&#8220; global_colors_info=&#8220;{}&#8220;]<\/p>\n<p><strong>Wegweisend f\u00fcr Versicherungsunternehmen<\/strong><\/p>\n<p>War fr\u00fcher alles einfacher? Es scheint so. Doch auch wenn viele Herausforderungen heute sehr komplex und un\u00fcbersichtlich erscheinen: Mit den Herausforderungen sind auch M\u00f6glichkeiten entstanden, ihnen zu begegnen. Uns stehen viele neue Technologien zur Verf\u00fcgung. Gemeinsam mit der Vernetzung erm\u00f6glichen sie den digitalen Wandel.<\/p>\n<p>Advice1 ist ein erfahrener Partner f\u00fcr Versicherungsunternehmen. Unsere Experten begleiten und unterst\u00fctzen Sie bei neuen IT-Vorhaben und erschlie\u00dfen mit Ihnen die Chancen der k\u00fcnstlichen Intelligenz, von Digitalisierung, Big Data bis Data Mining.<\/p>\n<p>Wir begleiten Sie, analysieren Risiken, beraten Sie zu Chancen und M\u00f6glichkeiten und konzipieren, entwickeln und testen Ihre IT-Vorhaben.<\/p>\n<p>So k\u00f6nnen wir Sie unterst\u00fctzen:<\/p>\n<p>[\/et_pb_text][\/et_pb_column][\/et_pb_row][et_pb_row column_structure=&#8220;1_3,1_3,1_3&#8243; column_padding_mobile=&#8220;on&#8220; custom_padding_last_edited=&#8220;on|phone&#8220; admin_label=&#8220;row&#8220; _builder_version=&#8220;4.17.3&#8243; background_size=&#8220;initial&#8220; background_position=&#8220;top_left&#8220; background_repeat=&#8220;repeat&#8220; custom_margin=&#8220;||||false|false&#8220; custom_padding=&#8220;||||false|false&#8220; custom_padding_tablet=&#8220;20px||20px||false|false&#8220; custom_padding_phone=&#8220;30px||30px||false|false&#8220; global_colors_info=&#8220;{}&#8220;][et_pb_column type=&#8220;1_3&#8243; _builder_version=&#8220;4.16&#8243; custom_padding=&#8220;|||&#8220; global_colors_info=&#8220;{}&#8220; custom_padding__hover=&#8220;|||&#8220;][et_pb_image src=&#8220;https:\/\/advice1.de\/wp-content\/uploads\/2022\/07\/Leistungsangebot-ACTUARIAL-CONSULTING.png&#8220; title_text=&#8220;Leistungsangebot-ACTUARIAL-CONSULTING&#8220; url=&#8220;https:\/\/advice1.de\/index.php\/aktuarielle_beratung\/&#8220; _builder_version=&#8220;4.17.3&#8243; _module_preset=&#8220;default&#8220; global_colors_info=&#8220;{}&#8220;][\/et_pb_image][\/et_pb_column][et_pb_column type=&#8220;1_3&#8243; _builder_version=&#8220;4.16&#8243; custom_padding=&#8220;|||&#8220; global_colors_info=&#8220;{}&#8220; custom_padding__hover=&#8220;|||&#8220;][et_pb_image src=&#8220;https:\/\/advice1.de\/wp-content\/uploads\/2022\/07\/Leistungsangebot-Data_Analytics.png&#8220; title_text=&#8220;Leistungsangebot-Data_Analytics&#8220; url=&#8220;https:\/\/advice1.de\/index.php\/data-analytics\/&#8220; _builder_version=&#8220;4.17.3&#8243; _module_preset=&#8220;default&#8220; global_colors_info=&#8220;{}&#8220;][\/et_pb_image][\/et_pb_column][et_pb_column type=&#8220;1_3&#8243; _builder_version=&#8220;4.16&#8243; custom_padding=&#8220;|||&#8220; global_colors_info=&#8220;{}&#8220; custom_padding__hover=&#8220;|||&#8220;][et_pb_image src=&#8220;https:\/\/advice1.de\/wp-content\/uploads\/2022\/07\/Leistungsangebot-Business-Analyse.png&#8220; title_text=&#8220;Leistungsangebot-Business-Analyse&#8220; url=&#8220;https:\/\/advice1.de\/index.php\/business-analyse\/&#8220; _builder_version=&#8220;4.17.3&#8243; _module_preset=&#8220;default&#8220; global_colors_info=&#8220;{}&#8220;][\/et_pb_image][\/et_pb_column][\/et_pb_row][et_pb_row column_structure=&#8220;1_3,1_3,1_3&#8243; column_padding_mobile=&#8220;on&#8220; custom_padding_last_edited=&#8220;on|tablet&#8220; admin_label=&#8220;row&#8220; _builder_version=&#8220;4.17.3&#8243; background_size=&#8220;initial&#8220; background_position=&#8220;top_left&#8220; background_repeat=&#8220;repeat&#8220; custom_margin=&#8220;||||false|false&#8220; custom_padding=&#8220;||||false|false&#8220; custom_padding_tablet=&#8220;20px||20px||false|false&#8220; custom_padding_phone=&#8220;0px||0px|&#8220; global_colors_info=&#8220;{}&#8220;][et_pb_column type=&#8220;1_3&#8243; _builder_version=&#8220;4.16&#8243; custom_padding=&#8220;|||&#8220; global_colors_info=&#8220;{}&#8220; custom_padding__hover=&#8220;|||&#8220;][et_pb_image src=&#8220;https:\/\/advice1.de\/wp-content\/uploads\/2023\/01\/Button_Leistungsangebot-Migration-Run-Off.png&#8220; title_text=&#8220;Button_Leistungsangebot-Migration-Run-Off&#8220; url=&#8220;https:\/\/advice1.de\/index.php\/migrationen-run-off\/&#8220; _builder_version=&#8220;4.17.3&#8243; _module_preset=&#8220;default&#8220; custom_margin=&#8220;||||false|false&#8220; global_colors_info=&#8220;{}&#8220;][\/et_pb_image][\/et_pb_column][et_pb_column type=&#8220;1_3&#8243; _builder_version=&#8220;4.16&#8243; custom_padding=&#8220;|||&#8220; global_colors_info=&#8220;{}&#8220; custom_padding__hover=&#8220;|||&#8220;][et_pb_image src=&#8220;https:\/\/advice1.de\/wp-content\/uploads\/2023\/01\/Leistungsangebot-Software-TEST.png&#8220; title_text=&#8220;Leistungsangebot-Software-TEST&#8220; url=&#8220;https:\/\/advice1.de\/index.php\/software-test\/&#8220; _builder_version=&#8220;4.17.3&#8243; _module_preset=&#8220;default&#8220; global_colors_info=&#8220;{}&#8220;][\/et_pb_image][\/et_pb_column][et_pb_column type=&#8220;1_3&#8243; _builder_version=&#8220;4.16&#8243; custom_padding=&#8220;|||&#8220; global_colors_info=&#8220;{}&#8220; custom_padding__hover=&#8220;|||&#8220;][et_pb_image src=&#8220;https:\/\/advice1.de\/wp-content\/uploads\/2022\/07\/Leistungsangebot-Outputmanagement-3.png&#8220; title_text=&#8220;Leistungsangebot-Outputmanagement&#8220; url=&#8220;https:\/\/advice1.de\/index.php\/epis&#8220; disabled_on=&#8220;on|on|on&#8220; _builder_version=&#8220;4.17.3&#8243; _module_preset=&#8220;default&#8220; custom_margin=&#8220;||||false|false&#8220; disabled=&#8220;on&#8220; global_colors_info=&#8220;{}&#8220;][\/et_pb_image][\/et_pb_column][\/et_pb_row][et_pb_row _builder_version=&#8220;4.17.3&#8243; _module_preset=&#8220;default&#8220; global_colors_info=&#8220;{}&#8220;][et_pb_column type=&#8220;4_4&#8243; _builder_version=&#8220;4.17.3&#8243; _module_preset=&#8220;default&#8220; global_colors_info=&#8220;{}&#8220;][\/et_pb_column][\/et_pb_row][\/et_pb_section]<\/p>\n","protected":false},"excerpt":{"rendered":"<p>LEISTUNGSANGEBOT\u00a0 Wegweisend f\u00fcr Versicherungsunternehmen War fr\u00fcher alles einfacher? Es scheint so. Doch auch wenn viele Herausforderungen heute sehr komplex und un\u00fcbersichtlich erscheinen: Mit den Herausforderungen sind auch M\u00f6glichkeiten entstanden, ihnen zu begegnen. Uns stehen viele neue Technologien zur Verf\u00fcgung. Gemeinsam mit der Vernetzung erm\u00f6glichen sie den digitalen Wandel. Advice1 ist ein erfahrener Partner f\u00fcr Versicherungsunternehmen. [&hellip;]<\/p>\n","protected":false},"author":1,"featured_media":0,"parent":0,"menu_order":0,"comment_status":"closed","ping_status":"closed","template":"","meta":{"_et_pb_use_builder":"on","_et_pb_old_content":"","_et_gb_content_width":""},"_links":{"self":[{"href":"https:\/\/advice1.de\/index.php\/wp-json\/wp\/v2\/pages\/2009"}],"collection":[{"href":"https:\/\/advice1.de\/index.php\/wp-json\/wp\/v2\/pages"}],"about":[{"href":"https:\/\/advice1.de\/index.php\/wp-json\/wp\/v2\/types\/page"}],"author":[{"embeddable":true,"href":"https:\/\/advice1.de\/index.php\/wp-json\/wp\/v2\/users\/1"}],"replies":[{"embeddable":true,"href":"https:\/\/advice1.de\/index.php\/wp-json\/wp\/v2\/comments?post=2009"}],"version-history":[{"count":52,"href":"https:\/\/advice1.de\/index.php\/wp-json\/wp\/v2\/pages\/2009\/revisions"}],"predecessor-version":[{"id":2820,"href":"https:\/\/advice1.de\/index.php\/wp-json\/wp\/v2\/pages\/2009\/revisions\/2820"}],"wp:attachment":[{"href":"https:\/\/advice1.de\/index.php\/wp-json\/wp\/v2\/media?parent=2009"}],"curies":[{"name":"wp","href":"https:\/\/api.w.org\/{rel}","templated":true}]}}